56135?
3
What is the tens digit of 1220?
2
What is the tens digit of 6603?
0
What is the hundreds digit of 3556?
5
What is the tens digit of 3994?
9
What is the thousands digit of 2282?
2
What is the tens digit of 672?
7
What is the tens digit of 274?
7
What is the tens digit of 16954?
5
What is the hundreds digit of 237?
2
What is the hundreds digit of 52635?
6
What is the tens digit of 2785?
8
What is the thousands digit of 23482?
3
What is the hundreds digit of 27470?
4
What is the hundreds digit of 1464?
4
What is the tens digit of 52?
5
What is the units digit of 3528?
8
What is the thousands digit of 2891?
2
What is the units digit of 3502?
2
What is the ten thousands digit of 23434?
2
What is the thousands digit of 3702?
3
What is the hundreds digit of 5133?
1
What is the ten thousands digit of 20139?
2
What is the hundreds digit of 2435?
4
What is the hundreds digit of 13811?
8
What is the hundreds digit of 1711?
7
What is the hundreds digit of 1056?
0
What is the units digit of 10742?
2
What is the units digit of 95845?
5
What is the units digit of 9701?
1
What is the thousands digit of 54565?
4
What is the thousands digit of 6732?
6
What is the tens digit of 3236?
3
What is the hundreds digit of 3702?
7
What is the units digit of 5385?
5
What is the thousands digit of 2121?
2
What is the tens digit of 3158?
5
What is the thousands digit of 8878?
8
What is the units digit of 194?
4
What is the units digit of 867?
7
What is the units digit of 6769?
9
What is the hundreds digit of 4404?
4
What is the tens digit of 267?
6
What is the units digit of 21354?
4
What is the units digit of 19277?
7
What is the tens digit of 535?
3
What is the thousands digit of 11342?
1
What is the units digit of 12144?
4
What is the ten thousands digit of 15983?
1
What is the thousands digit of 7708?
7
What is the hundreds digit of 31674?
6
What is the tens digit of 1448?
4
What is the hundreds digit of 5794?
7
What is the units digit of 639?
9
What is the tens digit of 4772?
7
What is the units digit of 42201?
1
What is the hundreds digit of 946?
9
What is the thousands digit of 1287?
1
What is the tens digit of 7052?
5
What is the hundreds digit of 2230?
2
What is the hundreds digit of 1361?
3
What is the ten thousands digit of 54743?
5
What is the tens digit of 10425?
2
What is the units digit of 453?
3
What is the hundred thousands digit of 100116?
1
What is the hundreds digit of 104891?
8
What is the hundreds digit of 20916?
9
What is the thousands digit of 154971?
4
What is the tens digit of 2780?
8
What is the hundreds digit of 7135?
1
What is the thousands digit of 13512?
3
What is the tens digit of 66924?
2
What is the hundreds digit of 701?
7
What is the thousands digit of 12325?
2
What is the ten thousands digit of 87624?
8
What is the units digit of 130609?
9
What is the hundreds digit of 8114?
1
What is the units digit of 7413?
3
What is the thousands digit of 18087?
8
What is the hundreds digit of 21993?
9
What is the thousands digit of 41048?
1
What is the hundreds digit of 1532?
5
What is the units digit of 19657?
7
What is the units digit of 16238?
8
What is the ten thousands digit of 155403?
5
What is the hundreds digit of 2673?
6
What is the tens digit of 133824?
2
What is the hundreds digit of 1753?
7
What is the hundreds digit of 86543?
5
What is the tens digit of 807?
0
What is the thousands digit of 2744?
2
What is the tens digit of 18637?
3
What is the thousands digit of 7180?
7
What is the units digit of 3497?
7
What is the hundreds digit of 103?
1
What is the hundreds digit of 1451?
4
What is the ten thousands digit of 38670?
3
What is the tens digit of 3949?
4
What is the thousands digit of 15004?
5
What is the ten thousands digit of 17078?
1
What is the units digit of 864?
4
What is the tens digit of 6149?
4
What is the thousands digit of 3111?
3
What is the hundreds digit of 876?
8
What is the hundreds digit of 28970?
9
What is the tens digit of 42425?
2
What is the hundreds digit of 650?
6
What is the hundreds digit of 9107?
1
What is the ten thousands digit of 138798?
3
What is the ten thousands digit of 24026?
2
What is the hundreds digit of 92067?
0
What is the tens digit of 78440?
4
What is the hundreds digit of 26054?
0
What is the units digit of 850?
0
What is the tens digit of 3047?
4
What is the thousands digit of 5945?
5
What is the tens digit of 1049?
4
What is the hundreds digit of 5743?
7
What is the thousands digit of 1380?
1
What is the hundreds digit of 1367?
3
What is the units digit of 5335?
5
What is the tens digit of 3282?
8
What is the thousands digit of 1043?
1
What is the units digit of 3168?
8
What is the units digit of 3382?
2
What is the hundreds digit of 3830?
8
What is the thousands digit of 6091?
6
What is the tens digit of 32665?
6
What is the ten thousands digit of 35353?
3
What is the hundreds digit of 2563?
5
What is the tens digit of 19483?
8
What is the hundreds digit of 2194?
1
What is the units digit of 7860?
0
What is the hundreds digit of 35656?
6
What is the thousands digit of 14273?
4
What is the units digit of 9157?
7
What is the thousands digit of 1543?
1
What is the thousands digit of 2222?
2
What is the tens digit of 79013?
1
What is the units digit of 380?
0
What is the tens digit of 7531?
3
What is the hundreds digit of 3643?
6
What is the tens digit of 3636?
3
What is the hundreds digit of 12826?
8
What is the hundreds digit of 5068?
0
What is the hundreds digit of 2404?
4
What is the hundreds digit of 12970?
9
What is the hundreds digit of 10056?
0
What is the tens digit of 7233?
3
What is the tens digit of 37071?
7
What is the tens digit of 649?
4
What is the hundreds digit of 58428?
4
What is the tens digit of 1270?
7
What is the hundreds digit of 8217?
2
What is the units digit of 447?
7
What is the thousands digit of 2729?
2
What is the units digit of 857?
7
What is the hundreds digit of 21040?
0
What is the thousands digit of 42118?
2
What is the ten thousands digit of 11134?
1
What is the hundreds digit of 16243?
2
What is the ten thousands digit of 162129?
6
What is the hundreds digit of 966?
9
What is the tens digit of 22182?
8
What is the units digit of 3405?
5
What is the thousands digit of 51050?
1
What is the units digit of 61?
1
What is the units digit of 7100?
0
What is the units digit of 1124?
4
What is the tens digit of 4431?
3
What is the thousands digit of 2453?
2
What is the thousands digit of 10590?
0
What is the thousands digit of 4826?
4
What is the hundreds digit of 2862?
8
What is the tens digit of 6422?
2
What is the hundreds digit of 7702?
7
What is the thousands digit of 17925?
7
What is the units digit of 37377?
7
What is the tens digit of 39592?
9
What is the thousands digit of 1870?
1
What is the hundreds digit of 16650?
6
What is the hundreds digit of 4021?
0
What is the ten thousands digit of 26994?
2
What is the tens digit of 95346?
4
What is the tens digit of 127?
2
What is the units digit of 7250?
0
What is the units digit of 1473?
3
What is the hundred thousands digit of 166469?
1
What is the units digit of 934?
4
What is the hundreds digit of 23482?
4
What is the hundreds digit of 37563?
5
What is the thousands digit of 4200?
4
What is the units digit of 2016?
6
What is the hundreds digit of 2269?
2
What is the units digit of 4955?
5
What is the ten thousands digit of 38990?
3
What is the units digit of 828?
8
What is the hundreds digit of 1541?
5
What is the thousands digit of 3044?
3
What is the ten thousands digit of 170395?
7
What is the thousands digit of 6869?
6
What is the units digit of 7131?
1
What is the units digit of 15098?
8
What is the tens digit of 12409?
0
What is the ten thousands digit of 20625?
2
What is the hundreds digit of 25085?
0
What is the tens digit of 233?
3
What is the ten thousands digit of 65727?
6
What is the tens digit of 12543?
4
What is the units digit of 2428?
8
What is the thousands digit of 2368?
2
What is the thousands digit of 1670?
1
What is the tens digit of 286?
8
What is the thousands digit of 5095?
5
What is the hundreds digit of 31640?
6
What is the units digit of 10464?
4
What is the thousands digit of 17616?
7
What is the thousands digit of 1902?
1
What is the units digit of 859?
9
What is the 